Suppose -3*w = 0, 3*o - 3*w + w = 9. Give a(o).
5
Suppose 3*g - 4 = g. Let b(i) = -i**2 + 11*i - 8. Let u be b(10). Let a(n) = 2 - u*n**2 + 0*n**3 - 2*n**3 + 4*n**2. What is a(g)?
-6
Let z(h) = -2*h + 1. Let n(a) = a**2 + 8*a - 10. Let f(r) = -n(r) - 3*z(r). What is f(-6)?
-17
Let c = -11 - -17. Let v(w) = 3*w - 4*w - 4*w**2 + 0*w + c*w**2. Let r = -4 + 3. Calculate v(r).
3
Let r(o) = o**3 + 12*o**2 + 12*o + 9. Let c be r(-11). Let z(k) = k**3 + 3*k**2 + 3*k + 2. Determine z(c).
0
Let i(v) be the first derivative of 1/3*v**3 + 0*v**2 - 1 - v - 1/4*v**4. Let s = -15 + 15. Give i(s).
-1
Let g be 6*-1*6/(-12). Suppose 0 = 3*w - 3*k - 6 - 24, -g*w + 14 = k. Let a(m) = m**3 - 5*m**2 - 6*m - 6. What is a(w)?
-6
Let q(m) = -m**3 - 2*m**2 + m - 1. Suppose -5*r + 6 = -4. Suppose r = -0*n - n. What is q(n)?
-3
Let z(f) = -6*f + 6*f - f - 4. Let t = 20 - 12. Suppose -24 = -2*l + 4*s, -4 = 5*l + 4*s - t. What is z(l)?
-8
Let w(b) = -b**2 + 2*b - 1. Let p(x) be the first derivative of x**2/2 + 7*x + 1. Let y be p(-6). Calculate w(y).
0
Let q(u) = -5*u + u + 8*u - 2. What is q(2)?
6
Let x = 10 + -10. Suppose -s + 3*s - 4 = x. Let b(u) = -u**3 + 5*u**2 - 2. Determine b(s).
10
Let z(y) = -y**2 - 3*y - 1. Let i(s) = -s**2 - s - 1. Let u(h) = -2*i(h) + z(h). Let p be (-5)/(-4) - (-4)/(-16). What is u(p)?
1
Let b(s) = 10*s. Let a(m) = 9*m. Let u(r) = -6*a(r) + 5*b(r). Let h(z) = -z. Let d(c) = -8*h(c) + 3*u(c). What is d(-1)?
4
Let t be (-33)/12 - 1/4. Suppose -k = -0 - 2. Let g(q) = -k + 0 - q + 0*q. Calculate g(t).
1
Let b = 88 - 92. Let z(o) = -o**2 - 5*o + 2. What is z(b)?
6
Suppose 7*o - 12*o = -30. Let a(c) = -c + 13. What is a(o)?
7
Let x(w) = -6*w**3 + w**2 - w - 1. Let o be x(-1). Let h = -10 + o. Let q(g) be the second derivative of -g**3/6 + 2*g**2 + 2*g. What is q(h)?
7
Let a(q) = -q**3. Suppose -4*v + 4 = -0*p - 4*p, -2*v = 4*p + 10. Determine a(p).
8
Let w(c) = -3*c - 2. Let i be w(1). Let a(h) = -h**3 - 5*h**2 + 4*h. Give a(i).
-20
Let w(f) be the second derivative of -3*f**5/10 + f**3/6 - f**2/2 + 17*f. Let t(b) = 1 + 3*b - b**3 + 7*b**2 + 2*b + 3*b. Let p be t(8). Determine w(p).
-6
Suppose -9 = -2*a + 21. Let d(y) = -1 - a*y**2 + 17*y**2 + 0. What is d(-2)?
7
Let a(b) = -3 + 4*b + 2 - b**2 + 5. Let r be -9 - -2*(-3)/(-6). Let y = r - -14. Give a(y).
-8
Suppose -1 + 0 = u. Suppose -5*r = -0 - 15. Let a(q) = -2*q - q + 2*q - q**2 + 6*q**r. Calculate a(u).
-6
Let z(h) = -2*h - 1. Let v(j) = -j. Let l(f) = -v(f) - z(f). Calculate l(4).
13
Suppose 2*n - 5*n + 5*g + 27 = 0, -2*g = -n + 10. Let v(h) = -h**2 + 4*h - 5. Calculate v(n).
-5
Let o(y) = -y + 0 - 1 + 2*y. What is o(2)?
1
Let j(r) = -r**3 - 17*r**2 - 31*r - 9. Let b be j(-15). Let f(m) = m**2 - 7*m + 1. What is f(b)?
-5
Let p(n) be the second derivative of 2*n - 1/6*n**3 - 7/2*n**2 + 0. Determine p(0).
-7
Let n(a) = a**2 + 2*a + 1. Let t(y) = 5*y - 5*y - y - 12. Let w be t(-9). Calculate n(w).
4
Let c(t) = t - 4. Let b(i) = -i**3 - 8*i**2 + 6. Let y be b(-8). Suppose -2*d - d + y = 0. Suppose -4*s + 3*g = -6, -s + 2*g - d + 6 = 0. Give c(s).
-4
Let i(w) = -w**2 + w + 19. Let f = -6 + 6. What is i(f)?
19
Let c(v) = v**3 - 5*v**2 + 6*v - 2. Let m be c(4). Let z(q) = q**3 - 6*q**2 - q + 2. Calculate z(m).
-4
Let v(g) = 4*g**2 + g - 1. Let f = -10 + 17. Suppose -6*c + 3*c = k + 2, 5*k - f = 2*c. Determine v(k).
4
Let i(r) = r - 2. Let a = 21 + -9. Let z = -16 + a. Give i(z).
-6
Suppose 1 + 7 = -4*m. Let n = -2 + m. Let s(p) be the first derivative of -p**4/4 - p**3 + 5*p**2/2 + 4*p + 1. Calculate s(n).
0
Let c(r) = 3*r**2 + 6*r + 6. Let o(w) = w**2 + 3*w + 3. Let q(p) = -2*c(p) + 5*o(p). Let k = -10 + 15. Give q(k).
-7
Let o = 16 - 11. Suppose -3*v + o = 2*v. Let y(f) = 2 - 1 - v + f. Calculate y(0).
0
Let y = 5 - 11. Let c(x) = 2*x - 2*x - 371 + 3*x + 186 + 194. Give c(y).
-9
Let m(t) be the third derivative of -t**6/60 - t**5/60 + t**4/24 - t**3/6 + 15*t**2. Give m(1).
-3
Let f(i) = i**3 + 4*i**2 - 2*i - 1. Let g be 168/(-36) + (-2)/6. Calculate f(g).
-16
Let j(m) = m**3 + m**2 + 2*m. Let n(w) = w**2 + 5*w + 1. Let b be n(-5). Suppose -k + b - 3 = 0. What is j(k)?
-8
Let h(w) be the third derivative of w**5/60 - w**3/6 + w**2. Suppose 0 = 3*b - 4 - 5. Determine h(b).
8
Suppose 0*b + 10 = -2*b. Let h = b + 6. Let w be 5 + (-1 - -1 - h). Let r(t) = -t + 3. Determine r(w).
-1
Let z(s) = s**2 - 6*s - 1. Let o be (-27)/(-45)*(-10)/(-1). What is z(o)?
-1
Let z(m) be the first derivative of -m**4/2 - 4*m**3/3 + m**2 + 2*m - 2. Calculate z(-3).
14
Let r(x) = 2*x**2 + 9*x + 2. Let f(i) = -6*i**2 - 26*i - 6. Let l(b) = 3*f(b) + 8*r(b). Let s(v) = v**2 + v. Let k(h) = -l(h) - s(h). Determine k(-3).
-4
Let c(j) = j**3 + j**2 + j - 2. Let s(b) = b - 3. Let f be s(-5). Let w = f - -5. Let m be 1/(6/4)*w. Determine c(m).
-8
Let i(y) = -11*y**2 - 5 + 15 - 6*y**2 + 6*y + 16*y**2. What is i(7)?
3
Let g be 24/(-10)*(-10)/(-3). Let r be (0 + 1/(-2))*g. Let p be (-11)/(-4) + r/16. Let n(k) = k**3 - 2*k**2 - 5*k + 2. What is n(p)?
-4
Let a be (-1 + (-3)/(-9))*-6. Suppose -19 = a*s - 3, -4*o + 3*s + 28 = 0. Let c be (-5)/10 - 6/o. Let t(v) = 3*v**3 + 2*v**2 - 2*v. Determine t(c).
-12
Let h(z) be the first derivative of z**2/2 + 7*z + 2. Give h(-6).
1
Suppose 5 = -2*z - 3*q, -z + 2*q + 17 = -3*q. Let p(u) = u**3 + 11 + 2*u**2 + 3*u**z - 10 + 4*u. Calculate p(-4).
1
Suppose 3*a + 5 = a - 3*t, a = -3*t - 4. Let m(s) = 8*s**3 - s**2 + 1. Determine m(a).
-8
Let s = -3 - -5. Suppose -10 + s = 2*f. Let i(m) = -3*m + 8. Let r(t) = 4*t - 9. Let w(k) = -5*i(k) - 4*r(k). Give w(f).
0
Let m(y) be the second derivative of -y**5/20 + y**4/3 + 7*y**3/6 + 4*y - 7. What is m(5)?
10
Let j(m) be the second derivative of -1/12*m**4 - 3*m**2 - 1/20*m**5 + 1/6*m**3 - m + 0. Determine j(0).
-6
Let m = 0 + -5. Let j(y) = 5 + y**3 + 394*y**2 - 389*y**2 + 0*y**3. Determine j(m).
5
Let p(s) = -8*s**2 - 3 - 3*s + 9*s**2 + 5. Determine p(2).
0
Let u be (-9)/(-15) + (-24)/(-10). Let n(x) = -3*x + 2*x**3 + 2*x**u + 4*x + 1. Calculate n(-1).
-4
Let x = -83 + 86. Let v(p) = -5 + 0*p + p + 9 - 5*p. Calculate v(x).
-8
Let l(o) = 2*o**2 + 4*o + 3. Let p be l(-3). Suppose p = 3*a, 5*v - 6*a = -a - 35. Let t(m) = -2*m - 5. What is t(v)?
3
Let w(t) = t**3 + 3*t**2 + 2*t - 1. Let c(h) = 2*h - 2. Let v be c(3). Suppose v*k + 2 + 6 = 0. Give w(k).
-1
Suppose 3*o = 0, 3*a - 2*o = 10 - 4. Suppose a*i + 2 = 4. Let j(b) be the second derivative of b**5/5 - b**4/12 + 3*b. Give j(i).
3
Let h(v) = v**2 - v - 1. Let k(q) = -q**3 + 5*q**2 + 7*q - 6. Let a be k(6). Let i be (-1)/(-5) - (-88)/10. Suppose a = 2*w - i + 3. What is h(w)?
5
Let x(o) = -2*o**3 + 4*o**2 - o + 10. Let s(j) = -3*j**3 + 4*j**2 + 11. Let l(b) = 3*s(b) - 4*x(b). Determine l(-5).
-2
Let k(s) be the third derivative of s**5/60 - s**4/4 - s**3/2 - s**2. Suppose -2*p + 7 + 5 = 0. Give k(p).
-3
Suppose -9*r + 6 + 39 = 0. Let w(s) = s**2 - 8*s + 3. Give w(r).
-12
Suppose 4*x - 3*m = -13, x + x + 3*m = -29. Let r(j) = j - 2. Calculate r(x).
-9
Let j(h) = 2*h**2 - 1. Suppose -2*o - 4*v + 7 = -3*v, -40 = -5*o + 2*v. Let s be -1 + 3 + -6 + o. Calculate j(s).
7
Let k = 0 - -6. Let r(j) = -15*j + 8*j - 7 + 9*j. Give r(k).
5
Let w = -12 + 12. Let i(s) = s**3 + 7*s + s**2 + 9 - 7*s. Calculate i(w).
9
Let g(s) be the third derivative of 1/24*s**4 - 6*s**2 - 5/6*s**3 + 0*s + 0. Determine g(3).
-2
Let o(b) = -221*b + 227*b - 3*b**2 - 2*b**2 + b**3 - 5. Let g be -5*(-2)/10*4. What is o(g)?
3
Let v(a) be the first derivative of -a**3/6 + a + 2. Let r(y) be the first derivative of v(y). Give r(5).
-5
Let g(f) = -4 - f + 15 - 7. Calculate g(5).
-1
Let o(j) = -j**3 + 9*j**2 - 2*j + 1. Let q be o(9). Let l = q + 10. Let p(n) = -n**3 - 7*n**2 - 5. Determine p(l).
-5
Suppose 2*i - 56 = -2*i. Let b be 2 + -2 - (-5 + 0). Suppose 2*u = -b*g + 10, 5*u - g - i - 11 = 0. Let j(n) = -2*n + 1. Calculate j(u).
-9
Let f(t) = 7*t**3 - t**2 + 4*t - 7. Let n(r) = 8*r**3 - r**2 + 5*r - 8. Let m(h) = 7*f(h) - 6*n(h). Let j be 3 - -8*(-3)/6. Give m(j).
-1
Let w be (4 + -1)/(1 + 0). Let h = 1 - w. Let s(o) = -4*o - 2. What is s(h)?
6
Let f(s) = s**2. Suppose -j + 4*w = 15, 7*j = 5*j + w - 9. Suppose 2*r + 0 = -4*v + 2, 5*r = 5*v - 10. Let z be ((-1)/j)/(r/(-3)). Give f(z).
1
Let y(j) be the third derivative of -j**4/12 - 13*j**3/6 +